{"id":1726,"date":"2019-10-19T18:11:00","date_gmt":"2019-10-19T16:11:00","guid":{"rendered":"https:\/\/chorzow.zhp.pl\/?page_id=1726"},"modified":"2023-10-23T23:03:56","modified_gmt":"2023-10-23T21:03:56","slug":"jak-zatwierdzic-i-rozliczyc-biwak","status":"publish","type":"page","link":"https:\/\/chorzow.zhp.pl\/?page_id=1726","title":{"rendered":"Jak zatwierdzi\u0107 i rozliczy\u0107 biwak\/imprez\u0119?"},"content":{"rendered":"\n<p><strong>Zatwierdzanie i rozliczanie biwaku\/imprezy krok po kroku:<\/strong><\/p>\n\n\n\n<ol class=\"wp-block-list\"><li>Na min. 3 tygodnie przed planowan\u0105 imprez\u0105 z\u0142\u00f3\u017c <a rel=\"noreferrer noopener\" aria-label=\" (otwiera si\u0119 w nowej zak\u0142adce)\" href=\"https:\/\/chorzow.zhp.pl\/wp-content\/uploads\/2023\/10\/Wniosek-o-zatwierdzenie-kosztu.docx\" target=\"_blank\">WNIOSEK<\/a> o zatwierdzenie kosztu u Komendanta Hufca. <\/li><li>Pobierz kod imprezy u Cz\u0142onkini Komendy Hufca ds. administracyjnych.<\/li><li>Wy\u015blij program imprezy jednostki\/\u015brodowiska do zatwierdzenia na min. 14 dni przed przedsi\u0119wzi\u0119ciem do Z-cy Komendanta Hufca ds. programowych.<\/li><li>Na min. 3 dni przed imprez\u0105 dostarcz Szefowej Biura Hufca nast\u0119puj\u0105ce dokumenty:<ul><li><a href=\"https:\/\/chorzow.zhp.pl\/wp-content\/uploads\/2023\/10\/Karta-Imprezy.docx\" target=\"_blank\" rel=\"noreferrer noopener\" aria-label=\" (otwiera si\u0119 w nowej zak\u0142adce)\">Kart\u0119 imprezy wraz z preliminarzem<\/a><\/li><li><a href=\"https:\/\/chorzow.zhp.pl\/wp-content\/uploads\/2023\/10\/Informacja-dla-rodzic\u00f3w.docx\" target=\"_blank\" rel=\"noreferrer noopener\" aria-label=\" (otwiera si\u0119 w nowej zak\u0142adce)\">Zgody rodzic\u00f3w (opiekun\u00f3w prawnych) na udzia\u0142 dziecka w imprezie<\/a><\/li><li><a href=\"https:\/\/chorzow.zhp.pl\/wp-content\/uploads\/2023\/10\/Lista-Adresowa.docx\" target=\"_blank\" rel=\"noreferrer noopener\" aria-label=\" (otwiera si\u0119 w nowej zak\u0142adce)\">List\u0119 uczestnik\u00f3w<\/a><\/li><li>Potwierdzenia rezerwacji np. nocleg\u00f3w<\/li><li>Polis\u0119 ubezpieczeniow\u0105*<\/li><\/ul><\/li><li>Rozlicz imprez\u0119 w terminie wyznaczonym przez Skarbnika Hufca. Pami\u0119taj aby mie\u0107 ze sob\u0105:<ul><li>Opisane faktury<\/li><li><a href=\"https:\/\/chorzow.zhp.pl\/wp-content\/uploads\/2019\/10\/ROHiS-Lista-uczestnik\u00f3w.pdf\">List\u0119 z podpisami<\/a><\/li><\/ul><\/li><\/ol>\n\n\n\n<p class=\"has-small-font-size\"><strong>* <\/strong>je\u017celi uczestnik nie jest wpisany do Systemu TIPI<\/p>\n\n\n\n<p class=\"has-text-align-left\"><strong>UWAGA!<\/strong><br>Pami\u0119taj, \u017ce opr\u00f3cz imprez i biwak\u00f3w zatwierdzi\u0107 mo\u017cna jeszcze: biwaki robocze, wyj\u015bcia i wycieczki oraz formy szkoleniowe. Tryb zatwierdzania tych form znajdziesz w <em><a href=\"https:\/\/chorzow.zhp.pl\/wp-content\/uploads\/2023\/10\/Regulamin-zatwierdzania-imprez-programowych-i-kszta\u0142ceniowych-Hufca-ZHP-Chorz\u00f3w-NOWY.pdf\">Regulaminie Zatwierdzania Imprez Programowych i Kszta\u0142ceniowych Hufca ZHP Chorz\u00f3w<\/a><\/em>.<\/p>\n\n\n\n<p><\/p>\n","protected":false},"excerpt":{"rendered":"<p>Zatwierdzanie i rozliczanie biwaku\/imprezy krok po kroku: Na min. 3 tygodnie przed planowan\u0105 imprez\u0105 z\u0142\u00f3\u017c WNIOSEK o zatwierdzenie kosztu u<\/p>\n","protected":false},"author":1,"featured_media":0,"parent":0,"menu_order":0,"comment_status":"closed","ping_status":"closed","template":"","meta":{"footnotes":""},"class_list":["post-1726","page","type-page","status-publish","hentry"],"_links":{"self":[{"href":"https:\/\/chorzow.zhp.pl\/index.php?rest_route=\/wp\/v2\/pages\/1726","targetHints":{"allow":["GET"]}}],"collection":[{"href":"https:\/\/chorzow.zhp.pl\/index.php?rest_route=\/wp\/v2\/pages"}],"about":[{"href":"https:\/\/chorzow.zhp.pl\/index.php?rest_route=\/wp\/v2\/types\/page"}],"author":[{"embeddable":true,"href":"https:\/\/chorzow.zhp.pl\/index.php?rest_route=\/wp\/v2\/users\/1"}],"replies":[{"embeddable":true,"href":"https:\/\/chorzow.zhp.pl\/index.php?rest_route=%2Fwp%2Fv2%2Fcomments&post=1726"}],"version-history":[{"count":10,"href":"https:\/\/chorzow.zhp.pl\/index.php?rest_route=\/wp\/v2\/pages\/1726\/revisions"}],"predecessor-version":[{"id":2847,"href":"https:\/\/chorzow.zhp.pl\/index.php?rest_route=\/wp\/v2\/pages\/1726\/revisions\/2847"}],"wp:attachment":[{"href":"https:\/\/chorzow.zhp.pl\/index.php?rest_route=%2Fwp%2Fv2%2Fmedia&parent=1726"}],"curies":[{"name":"wp","href":"https:\/\/api.w.org\/{rel}","templated":true}]}}