{"id":2198,"date":"2020-01-18T20:39:10","date_gmt":"2020-01-18T19:39:10","guid":{"rendered":"https:\/\/chorzow.zhp.pl\/?page_id=2198"},"modified":"2026-04-10T12:00:08","modified_gmt":"2026-04-10T10:00:08","slug":"akcja-letnia","status":"publish","type":"page","link":"https:\/\/chorzow.zhp.pl\/?page_id=2198","title":{"rendered":"WAKACJE 2026"},"content":{"rendered":"\n<div class=\"wp-block-group is-layout-grid wp-container-core-group-is-layout-478b6e6b wp-block-group-is-layout-grid\">\n<figure class=\"wp-block-gallery has-nested-images columns-default is-cropped wp-block-gallery-1 is-layout-flex wp-block-gallery-is-layout-flex\">\n<figure class=\"wp-block-image size-large\"><a href=\"https:\/\/chorzow.zhp.pl\/wp-content\/uploads\/2026\/04\/2.png\"><img loading=\"lazy\" decoding=\"async\" width=\"1024\" height=\"1024\" data-id=\"3332\" src=\"https:\/\/chorzow.zhp.pl\/wp-content\/uploads\/2026\/04\/2-1024x1024.png\" alt=\"\" class=\"wp-image-3332\" srcset=\"https:\/\/chorzow.zhp.pl\/wp-content\/uploads\/2026\/04\/2-1024x1024.png 1024w, https:\/\/chorzow.zhp.pl\/wp-content\/uploads\/2026\/04\/2-300x300.png 300w, https:\/\/chorzow.zhp.pl\/wp-content\/uploads\/2026\/04\/2-150x150.png 150w, https:\/\/chorzow.zhp.pl\/wp-content\/uploads\/2026\/04\/2-768x768.png 768w, https:\/\/chorzow.zhp.pl\/wp-content\/uploads\/2026\/04\/2.png 1200w\" sizes=\"auto, (max-width: 1024px) 100vw, 1024px\" \/><\/a><\/figure>\n<\/figure>\n\n\n\n<figure class=\"wp-block-gallery has-nested-images columns-default is-cropped wp-block-gallery-2 wp-container-content-69bc4bdf is-layout-flex wp-block-gallery-is-layout-flex\">\n<figure class=\"wp-block-image size-large\"><a href=\"https:\/\/chorzow.zhp.pl\/wp-content\/uploads\/2026\/04\/3-1.png\" target=\"_blank\" rel=\" noreferrer noopener\"><img loading=\"lazy\" decoding=\"async\" width=\"1024\" height=\"1024\" data-id=\"3334\" src=\"https:\/\/chorzow.zhp.pl\/wp-content\/uploads\/2026\/04\/3-1-1024x1024.png\" alt=\"\" class=\"wp-image-3334\" srcset=\"https:\/\/chorzow.zhp.pl\/wp-content\/uploads\/2026\/04\/3-1-1024x1024.png 1024w, https:\/\/chorzow.zhp.pl\/wp-content\/uploads\/2026\/04\/3-1-300x300.png 300w, https:\/\/chorzow.zhp.pl\/wp-content\/uploads\/2026\/04\/3-1-150x150.png 150w, https:\/\/chorzow.zhp.pl\/wp-content\/uploads\/2026\/04\/3-1-768x768.png 768w, https:\/\/chorzow.zhp.pl\/wp-content\/uploads\/2026\/04\/3-1.png 1200w\" sizes=\"auto, (max-width: 1024px) 100vw, 1024px\" \/><\/a><\/figure>\n<\/figure>\n\n\n\n<figure class=\"wp-block-gallery has-nested-images columns-default is-cropped wp-block-gallery-3 is-layout-flex wp-block-gallery-is-layout-flex\">\n<figure class=\"wp-block-image size-large\"><a href=\"https:\/\/chorzow.zhp.pl\/wp-content\/uploads\/2026\/04\/4-1.png\"><img loading=\"lazy\" decoding=\"async\" width=\"1024\" height=\"1024\" data-id=\"3343\" src=\"https:\/\/chorzow.zhp.pl\/wp-content\/uploads\/2026\/04\/4-1-1024x1024.png\" alt=\"\" class=\"wp-image-3343\" srcset=\"https:\/\/chorzow.zhp.pl\/wp-content\/uploads\/2026\/04\/4-1-1024x1024.png 1024w, https:\/\/chorzow.zhp.pl\/wp-content\/uploads\/2026\/04\/4-1-300x300.png 300w, https:\/\/chorzow.zhp.pl\/wp-content\/uploads\/2026\/04\/4-1-150x150.png 150w, https:\/\/chorzow.zhp.pl\/wp-content\/uploads\/2026\/04\/4-1-768x768.png 768w, https:\/\/chorzow.zhp.pl\/wp-content\/uploads\/2026\/04\/4-1.png 1200w\" sizes=\"auto, (max-width: 1024px) 100vw, 1024px\" \/><\/a><\/figure>\n<\/figure>\n\n\n\n<figure class=\"wp-block-gallery has-nested-images columns-default is-cropped wp-block-gallery-4 is-layout-flex wp-block-gallery-is-layout-flex\">\n<figure class=\"wp-block-image size-large\"><a href=\"https:\/\/chorzow.zhp.pl\/wp-content\/uploads\/2026\/04\/Kopia-\u2013-Kopia-\u2013-HUFIEC-ZHP-CHORZOW.png\"><img loading=\"lazy\" decoding=\"async\" width=\"1024\" height=\"1024\" data-id=\"3366\" src=\"https:\/\/chorzow.zhp.pl\/wp-content\/uploads\/2026\/04\/Kopia-\u2013-Kopia-\u2013-HUFIEC-ZHP-CHORZOW-1024x1024.png\" alt=\"\" class=\"wp-image-3366\" srcset=\"https:\/\/chorzow.zhp.pl\/wp-content\/uploads\/2026\/04\/Kopia-\u2013-Kopia-\u2013-HUFIEC-ZHP-CHORZOW-1024x1024.png 1024w, https:\/\/chorzow.zhp.pl\/wp-content\/uploads\/2026\/04\/Kopia-\u2013-Kopia-\u2013-HUFIEC-ZHP-CHORZOW-300x300.png 300w, https:\/\/chorzow.zhp.pl\/wp-content\/uploads\/2026\/04\/Kopia-\u2013-Kopia-\u2013-HUFIEC-ZHP-CHORZOW-150x150.png 150w, https:\/\/chorzow.zhp.pl\/wp-content\/uploads\/2026\/04\/Kopia-\u2013-Kopia-\u2013-HUFIEC-ZHP-CHORZOW-768x768.png 768w, https:\/\/chorzow.zhp.pl\/wp-content\/uploads\/2026\/04\/Kopia-\u2013-Kopia-\u2013-HUFIEC-ZHP-CHORZOW.png 1200w\" sizes=\"auto, (max-width: 1024px) 100vw, 1024px\" \/><\/a><\/figure>\n<\/figure>\n\n\n\n<figure class=\"wp-block-gallery has-nested-images columns-default is-cropped wp-block-gallery-5 is-layout-flex wp-block-gallery-is-layout-flex\"><\/figure>\n<\/div>\n\n\n<p>Zapraszamy do zapoznania si\u0119 z ofert\u0105 organizowanej przez nas Harcerskiej Akcji Letniej 2025. Poni\u017cej znajduje si\u0119 lista oboz\u00f3w. Wybierz ten kt\u00f3ry Ci\u0119 interesuje i zapoznaj si\u0119 ze wszystkimi informacjami!<\/p>\n<p style=\"padding-left: 40px;\"><span class=\"wp-svg-arrow-right-3 arrow-right-3\"><\/span>\u00a0 <a href=\"https:\/\/chorzow.zhp.pl\/?page_id=2275\" target=\"_blank\" rel=\"noopener noreferrer\">Ob\u00f3z Ratowniczy w Kucobach<\/a><br \/><span class=\"wp-svg-arrow-right-3 arrow-right-3\"><\/span> \u00a0<a href=\"https:\/\/chorzow.zhp.pl\/?page_id=2719\" target=\"_blank\" rel=\"noopener noreferrer\">Kolonia Wodna w P\u0142awniowicach<\/a><br \/><span class=\"wp-svg-arrow-right-3 arrow-right-3\"><\/span> <a href=\"https:\/\/chorzow.zhp.pl\/?page_id=2280\">Harcerski Ob\u00f3z Wodny\u00a0w Czernicy<\/a><\/p>\n\n\n<figure class=\"wp-block-image aligncenter size-large is-resized\"><img loading=\"lazy\" decoding=\"async\" width=\"1024\" height=\"549\" src=\"https:\/\/chorzow.zhp.pl\/wp-content\/uploads\/2020\/02\/harcerskielato_zestawienie-poziome-z-logo-zhp-KOLOR-kopia-1024x549.png\" alt=\"\" class=\"wp-image-2397\" style=\"aspect-ratio:1.8628158844765343;width:526px;height:auto\" srcset=\"https:\/\/chorzow.zhp.pl\/wp-content\/uploads\/2020\/02\/harcerskielato_zestawienie-poziome-z-logo-zhp-KOLOR-kopia-1024x549.png 1024w, https:\/\/chorzow.zhp.pl\/wp-content\/uploads\/2020\/02\/harcerskielato_zestawienie-poziome-z-logo-zhp-KOLOR-kopia-300x161.png 300w, https:\/\/chorzow.zhp.pl\/wp-content\/uploads\/2020\/02\/harcerskielato_zestawienie-poziome-z-logo-zhp-KOLOR-kopia-768x412.png 768w, https:\/\/chorzow.zhp.pl\/wp-content\/uploads\/2020\/02\/harcerskielato_zestawienie-poziome-z-logo-zhp-KOLOR-kopia-1536x823.png 1536w, https:\/\/chorzow.zhp.pl\/wp-content\/uploads\/2020\/02\/harcerskielato_zestawienie-poziome-z-logo-zhp-KOLOR-kopia-2048x1097.png 2048w\" sizes=\"auto, (max-width: 1024px) 100vw, 1024px\" \/><\/figure>\n\n\n\n<p><\/p>\n","protected":false},"excerpt":{"rendered":"<p>Zapraszamy do zapoznania si\u0119 z ofert\u0105 organizowanej przez nas Harcerskiej Akcji Letniej 2025. Poni\u017cej znajduje si\u0119 lista oboz\u00f3w. Wybierz ten<\/p>\n","protected":false},"author":1,"featured_media":0,"parent":0,"menu_order":0,"comment_status":"closed","ping_status":"closed","template":"","meta":{"footnotes":""},"class_list":["post-2198","page","type-page","status-publish","hentry"],"_links":{"self":[{"href":"https:\/\/chorzow.zhp.pl\/index.php?rest_route=\/wp\/v2\/pages\/2198","targetHints":{"allow":["GET"]}}],"collection":[{"href":"https:\/\/chorzow.zhp.pl\/index.php?rest_route=\/wp\/v2\/pages"}],"about":[{"href":"https:\/\/chorzow.zhp.pl\/index.php?rest_route=\/wp\/v2\/types\/page"}],"author":[{"embeddable":true,"href":"https:\/\/chorzow.zhp.pl\/index.php?rest_route=\/wp\/v2\/users\/1"}],"replies":[{"embeddable":true,"href":"https:\/\/chorzow.zhp.pl\/index.php?rest_route=%2Fwp%2Fv2%2Fcomments&post=2198"}],"version-history":[{"count":28,"href":"https:\/\/chorzow.zhp.pl\/index.php?rest_route=\/wp\/v2\/pages\/2198\/revisions"}],"predecessor-version":[{"id":3367,"href":"https:\/\/chorzow.zhp.pl\/index.php?rest_route=\/wp\/v2\/pages\/2198\/revisions\/3367"}],"wp:attachment":[{"href":"https:\/\/chorzow.zhp.pl\/index.php?rest_route=%2Fwp%2Fv2%2Fmedia&parent=2198"}],"curies":[{"name":"wp","href":"https:\/\/api.w.org\/{rel}","templated":true}]}}