{"id":2275,"date":"2020-02-04T21:52:08","date_gmt":"2020-02-04T20:52:08","guid":{"rendered":"https:\/\/chorzow.zhp.pl\/?page_id=2275"},"modified":"2026-04-06T13:33:23","modified_gmt":"2026-04-06T11:33:23","slug":"oboz-wielospecjalnosciowy","status":"publish","type":"page","link":"https:\/\/chorzow.zhp.pl\/?page_id=2275","title":{"rendered":"Ob\u00f3z Ratowniczy 2026"},"content":{"rendered":"\n<figure class=\"wp-block-image aligncenter size-full is-resized is-style-default\"><a href=\"https:\/\/chorzow.zhp.pl\/wp-content\/uploads\/2026\/04\/Blue-Futuristic-Business-Email-Header.png\"><img loading=\"lazy\" decoding=\"async\" width=\"600\" height=\"200\" src=\"https:\/\/chorzow.zhp.pl\/wp-content\/uploads\/2026\/04\/Blue-Futuristic-Business-Email-Header.png\" alt=\"\" class=\"wp-image-3337\" style=\"width:776px;height:auto\" srcset=\"https:\/\/chorzow.zhp.pl\/wp-content\/uploads\/2026\/04\/Blue-Futuristic-Business-Email-Header.png 600w, https:\/\/chorzow.zhp.pl\/wp-content\/uploads\/2026\/04\/Blue-Futuristic-Business-Email-Header-300x100.png 300w\" sizes=\"auto, (max-width: 600px) 100vw, 600px\" \/><\/a><\/figure>\n\n\n<p><strong>Ob\u00f3z Ratowniczy<\/strong>, Harcerski ob\u00f3z ratowniczy to wyj\u0105tkowa forma wypoczynku, podczas kt\u00f3rej uczestnicy ucz\u0105 si\u0119 zasad pierwszej pomocy i reagowania w sytuacjach zagro\u017cenia. Opr\u00f3cz zdobywania praktycznych umiej\u0119tno\u015bci, harcerze rozwijaj\u0105 wsp\u00f3\u0142prac\u0119 w grupie, odpowiedzialno\u015b\u0107 oraz opanowanie w trudnych warunkach. Zaj\u0119cia cz\u0119sto odbywaj\u0105 si\u0119 w terenie i maj\u0105 form\u0119 realistycznych symulacji, co czyni nauk\u0119 bardziej anga\u017cuj\u0105c\u0105. To tak\u017ce czas integracji, przyg\u00f3d i budowania harcerskiego ducha.<\/p>\n<p><strong><span class=\"wp-svg-location location\"><\/span>\u00a0 MIEJSCE:<\/strong> Harcerski O\u015brodek Wypoczynkowy Hufca ZHP Chorz\u00f3w w Kucobach<\/p>\n<p><strong><span class=\"wp-svg-calendar calendar\"><\/span>\u00a0 TERMINY i ZG\u0141OSZENIA:<br \/><\/strong><span class=\"wp-svg-arrow-right-3 arrow-right-3\"><\/span>\u00a0 I TURNUS: 4 &#8211; 11 lipca 2026 r. &#8211; <strong><a href=\"https:\/\/forms.office.com\/pages\/responsepage.aspx?id=Ho024XU55kyJPfw1H9RNzaBkEvoE9ihIv7ztdnb5ZfhUOFRYOU0yU0FQVjE2SDhIQVU2T1oyUFI3Ty4u&amp;route=shorturl\">FORMULARZ ZG\u0141OSZENIOWY<\/a><\/strong><br \/><span class=\"wp-svg-arrow-right-3 arrow-right-3\"><\/span>\u00a0 II TURNUS: 11 &#8211; 18 lipca 2026 r. &#8211; <strong><a href=\"https:\/\/forms.office.com\/pages\/responsepage.aspx?id=Ho024XU55kyJPfw1H9RNzaBkEvoE9ihIv7ztdnb5ZfhUOFRYOU0yU0FQVjE2SDhIQVU2T1oyUFI3Ty4u&amp;route=shorturl\">FORMULARZ ZG\u0141OSZENIOWY<\/a><\/strong><\/p>\n<p><span class=\"wp-svg-coin coin\"><\/span>\u00a0 <strong>KOSZT:<\/strong> 1150\/1200* z\u0142<br \/><span class=\"wp-svg-users users\"><\/span>\u00a0 <strong>WIEK:<\/strong> 10-17 lat<br \/><span class=\"wp-svg-home home\"><\/span>\u00a0 <strong>ZAKWATEROWANIE: <\/strong>Namioty<\/p>\n<p>*dla os\u00f3b bez op\u0142aconych sk\u0142adek cz\u0142onkowskich\u00a0<\/p>\n<p><strong><span class=\"wp-svg-happy-2 happy-2\"><\/span>\u00a0 W PROGRAMIE:<\/strong><\/p>\n<ul>\n<li style=\"list-style-type: none;\">\n<ul>\n<li style=\"list-style-type: none;\">\n<ul>\n<li>\u0107wiczenia praktyczne zgodne z wytycznymi ERC 2026<\/li>\n<li>certyfikat potwierdzaj\u0105cy przeszkolenie wa\u017cny 3 lata<\/li>\n<li>zaj\u0119cia z terenoznawstwa, pierwszej pomocy<\/li>\n<li>gry terenowe, podchody, ogniska<\/li>\n<li>zaj\u0119cia na basenie rekreacyjnym<\/li>\n<li>zaj\u0119cia na kajakach<\/li>\n<li>zaj\u0119cia \u0142\u0105czno\u015bciowe<\/li>\n<li>konkursy, \u015bpiewogrania<\/li>\n<li>i wiele innych&#8230;<\/li>\n<\/ul>\n<\/li>\n<\/ul>\n<\/li>\n<\/ul>\n<p><strong><span class=\"wp-svg-checkmark checkmark\"><\/span>\u00a0 ZAPEWNIAMY:<\/strong><\/p>\n<ul>\n<li style=\"list-style-type: none;\">\n<ul>\n<li style=\"list-style-type: none;\">\n<ul>\n<li>4 posi\u0142ki dziennie<\/li>\n<li>transport<\/li>\n<li>ubezpieczenie NNW<\/li>\n<li>opiek\u0119 kadry wychowawczej<\/li>\n<li>opiek\u0119 medyczn\u0105<\/li>\n<\/ul>\n<\/li>\n<\/ul>\n<\/li>\n<\/ul>","protected":false},"excerpt":{"rendered":"<p>Ob\u00f3z Ratowniczy, Harcerski ob\u00f3z ratowniczy to wyj\u0105tkowa forma wypoczynku, podczas kt\u00f3rej uczestnicy ucz\u0105 si\u0119 zasad pierwszej pomocy i reagowania w<\/p>\n","protected":false},"author":1,"featured_media":0,"parent":0,"menu_order":0,"comment_status":"closed","ping_status":"closed","template":"","meta":{"footnotes":""},"class_list":["post-2275","page","type-page","status-publish","hentry"],"_links":{"self":[{"href":"https:\/\/chorzow.zhp.pl\/index.php?rest_route=\/wp\/v2\/pages\/2275","targetHints":{"allow":["GET"]}}],"collection":[{"href":"https:\/\/chorzow.zhp.pl\/index.php?rest_route=\/wp\/v2\/pages"}],"about":[{"href":"https:\/\/chorzow.zhp.pl\/index.php?rest_route=\/wp\/v2\/types\/page"}],"author":[{"embeddable":true,"href":"https:\/\/chorzow.zhp.pl\/index.php?rest_route=\/wp\/v2\/users\/1"}],"replies":[{"embeddable":true,"href":"https:\/\/chorzow.zhp.pl\/index.php?rest_route=%2Fwp%2Fv2%2Fcomments&post=2275"}],"version-history":[{"count":29,"href":"https:\/\/chorzow.zhp.pl\/index.php?rest_route=\/wp\/v2\/pages\/2275\/revisions"}],"predecessor-version":[{"id":3338,"href":"https:\/\/chorzow.zhp.pl\/index.php?rest_route=\/wp\/v2\/pages\/2275\/revisions\/3338"}],"wp:attachment":[{"href":"https:\/\/chorzow.zhp.pl\/index.php?rest_route=%2Fwp%2Fv2%2Fmedia&parent=2275"}],"curies":[{"name":"wp","href":"https:\/\/api.w.org\/{rel}","templated":true}]}}