{"id":444,"date":"2016-01-12T23:32:07","date_gmt":"2016-01-12T22:32:07","guid":{"rendered":"http:\/\/chorzow.zhp.pl\/?page_id=444"},"modified":"2021-02-19T13:22:13","modified_gmt":"2021-02-19T12:22:13","slug":"jak-zapisac-dziecko-do-zhp","status":"publish","type":"page","link":"https:\/\/chorzow.zhp.pl\/?page_id=444","title":{"rendered":"Jak zapisa\u0107 dziecko do ZHP?"},"content":{"rendered":"<p>Misj\u0105 Zwi\u0105zku Harcerstwa Polskiego jest wychowanie m\u0142odego cz\u0142owieka, czyli wspieranie go we wszechstronnym rozwoju i kszta\u0142towaniu charakteru przez stawianie wyzwa\u0144.<\/p>\n<p>Swoj\u0105 przygod\u0119 z nasz\u0105 organizacj\u0105 mo\u017ce rozpocz\u0105\u0107 ka\u017cda osoba wyra\u017caj\u0105ca na to ch\u0119\u0107. Harcerstwo jest wspania\u0142\u0105 przygod\u0119, sposobem na \u017cycie oraz mo\u017cliwo\u015bci\u0105 nabycia wielu umiej\u0119tno\u015bci. To wszystko dzieje si\u0119 dzi\u0119ki organizowanym przez nas biwakom, rajdom, obozom oraz zbi\u00f3rkom, kt\u00f3re odbywaj\u0105 si\u0119 w dru\u017cynach, gromadach i za\u0142ogach.<\/p>\n<p>Wymienione jednostki pracuj\u0105 w oparciu o cztery metodyki, odpowiednich dla danego wieku. Swoj\u0105 dzia\u0142alno\u015b\u0107 prowadz\u0105 one przy szko\u0142ach na terenie Chorzowa i \u015awi\u0119toch\u0142owic.<\/p>\n<h5><strong>Przedzia\u0142y wiekowe:<\/strong><\/h5>\n<p style=\"padding-left: 40px;\"><strong><span class=\"wp-svg-arrow-right-3 arrow-right-3\"><\/span>\u00a0 Klasa 1-3 SP<\/strong> \u2013 swoj\u0105 przygod\u0119 z harcerstwem mo\u017cesz rozpocz\u0105\u0107 w gromadzie zuchowej<br \/>\n<strong><span class=\"wp-svg-arrow-right-3 arrow-right-3\"><\/span>\u00a0 Klasa 4-6 SP<\/strong> \u2013 w takim wieku mo\u017cna przyst\u0105pi\u0107 do jednej z dru\u017cyn harcerskich<br \/>\n<strong><span class=\"wp-svg-arrow-right-3 arrow-right-3\"><\/span>\u00a0 Klasa 7-8 SP<\/strong> \u2013 dla os\u00f3b w tym wieku najodpowiedniejsze s\u0105 dru\u017cyny starszoharcerskie<br \/>\n<strong><span class=\"wp-svg-arrow-right-3 arrow-right-3\"><\/span>\u00a0 Szko\u0142a \u015brednia<\/strong> \u2013 w tym wieku mo\u017cesz rozpocz\u0105\u0107 swoj\u0105 dzia\u0142alno\u015b\u0107 w dru\u017cynie w\u0119drowniczej<\/p>\n<h5><strong>Co zrobi\u0107, \u017ceby zapisa\u0107 dziecko do ZHP?<\/strong><\/h5>\n<p style=\"padding-left: 40px;\"><span class=\"wp-svg-arrow-right-3 arrow-right-3\"><\/span>\u00a0 Okre\u015bl wiek dziecka, a nast\u0119pnie wybierz gromad\u0119, dru\u017cyn\u0119 lub za\u0142og\u0119 do kt\u00f3rej przyst\u0105pi Twoja pociecha. Zajrzyj na podstrony po\u015bwi\u0119cone naszym \u015brodowiskom, gdzie znajdziesz szczeg\u00f3\u0142owe informacje dotycz\u0105ce wspominanych jednostek: imi\u0119 i nazwisko dru\u017cynowych, dni i godziny zbi\u00f3rek, a tak\u017ce szko\u0142y przy kt\u00f3rych dzia\u0142aj\u0105. Je\u017celi masz problem z wyborem jednostki, to skontaktuj si\u0119 z nami telefonicznie lub mailowo pod adresem <strong>chorzow@zhp.pl<\/strong><\/p>\n<p style=\"padding-left: 40px;\"><span class=\"wp-svg-arrow-right-3 arrow-right-3\"><\/span>\u00a0 Wy\u015blij dziecko na zbi\u00f3rk\u0119 do wybranej jednostki. Jej dru\u017cynowy\/za\u0142ogowy udzieli Ci wszystkich dalszych informacji.<\/p>\n<p style=\"padding-left: 40px;\"><span class=\"wp-svg-arrow-right-3 arrow-right-3\"><\/span>\u00a0 Wype\u0142nij deklaracj\u0119 cz\u0142onkowsk\u0105.<\/p>\n","protected":false},"excerpt":{"rendered":"<p>Misj\u0105 Zwi\u0105zku Harcerstwa Polskiego jest wychowanie m\u0142odego cz\u0142owieka, czyli wspieranie go we wszechstronnym rozwoju i kszta\u0142towaniu charakteru przez stawianie wyzwa\u0144.<\/p>\n","protected":false},"author":1,"featured_media":0,"parent":0,"menu_order":0,"comment_status":"closed","ping_status":"closed","template":"","meta":{"footnotes":""},"class_list":["post-444","page","type-page","status-publish","hentry"],"_links":{"self":[{"href":"https:\/\/chorzow.zhp.pl\/index.php?rest_route=\/wp\/v2\/pages\/444","targetHints":{"allow":["GET"]}}],"collection":[{"href":"https:\/\/chorzow.zhp.pl\/index.php?rest_route=\/wp\/v2\/pages"}],"about":[{"href":"https:\/\/chorzow.zhp.pl\/index.php?rest_route=\/wp\/v2\/types\/page"}],"author":[{"embeddable":true,"href":"https:\/\/chorzow.zhp.pl\/index.php?rest_route=\/wp\/v2\/users\/1"}],"replies":[{"embeddable":true,"href":"https:\/\/chorzow.zhp.pl\/index.php?rest_route=%2Fwp%2Fv2%2Fcomments&post=444"}],"version-history":[{"count":23,"href":"https:\/\/chorzow.zhp.pl\/index.php?rest_route=\/wp\/v2\/pages\/444\/revisions"}],"predecessor-version":[{"id":2672,"href":"https:\/\/chorzow.zhp.pl\/index.php?rest_route=\/wp\/v2\/pages\/444\/revisions\/2672"}],"wp:attachment":[{"href":"https:\/\/chorzow.zhp.pl\/index.php?rest_route=%2Fwp%2Fv2%2Fmedia&parent=444"}],"curies":[{"name":"wp","href":"https:\/\/api.w.org\/{rel}","templated":true}]}}